2. What is the units digit of l?
0
Suppose -3*d + 12 = -0*d, 3*d = -c + 15. Suppose -g - 28 = -c*g. What is the units digit of g?
4
Let u(x) = -x**2 + 31. What is the units digit of u(0)?
1
Let r(d) = 2*d**2 - 23*d + 42. What is the hundreds digit of r(15)?
1
Let t(x) = x - 1. Let a be t(5). Suppose -m - 2*q = q - 11, 4*m - a*q - 12 = 0. What is the units digit of m?
5
Suppose c - 6 = 4*h, -3*c - 4*h = -1 - 1. Suppose -4*s - t + 9 = -6*t, 2*s - 4 = c*t. Let x = 7 - s. What is the units digit of x?
6
Suppose -c - 4*c = 0. Suppose 2*k + 0*y = 2*y + 28, c = -5*k + y + 90. What is the tens digit of k?
1
Let p(j) = -6*j - 14. What is the tens digit of p(-9)?
4
Let g(r) = r**2 - r + 2. Let l = -10 - -22. Suppose 4*w + l = -0*w. What is the tens digit of g(w)?
1
Suppose 4*l - 2 - 2 = 0. Let c = 1 - l. Suppose c = 3*b - 2*b - 8. What is the units digit of b?
8
Let l(o) = -o - 1. Let y be l(-5). Suppose 2*k - 4 = q, 0*q + 4*q - y*k = -12. Let h(s) = s**2 - 2*s - 3. What is the units digit of h(q)?
5
Let m = -12 - -12. Suppose 3*x = 15, m = k - x + 2*x - 23. What is the tens digit of k?
1
Suppose 0 = -3*s - 2 + 8. Let h be (-4 - -4) + (3 - 0). Suppose -5*x = -2*t - 16, t - s*x - 6 = -h*x. What is the units digit of t?
2
Suppose 0 = -3*m + 3*w - 18, w + 15 = -2*m - 0*w. Let p = m + 11. What is the units digit of p?
4
Let u(a) = 30*a + 5. Let b(t) = 31*t + 6. Let h(c) = -3*b(c) + 4*u(c). What is the tens digit of h(1)?
2
Let x be (-4)/((-12)/(-45))*-1. Suppose 0 = -0*s + 3*s - x. Suppose s*g - 42 = 38. What is the tens digit of g?
1
Suppose 3*n - c - 2*c - 66 = 0, 2*n = -c + 35. What is the tens digit of n?
1
Suppose -3*d + 4*m + 25 = -55, -4*m = -4*d + 100. Let i be (-1)/((1/d)/(-1)). Suppose 52 = 4*b - 5*u, -b + 3*u = -0*b - i. What is the units digit of b?
8
Let j(q) = 35*q - 1. Let w(o) = o - 14. Let k be w(15). What is the tens digit of j(k)?
3
Let p = 326 + -172. What is the hundreds digit of p?
1
Let s = 0 - -3. Suppose 0*j = x - s*j - 14, -2*x + 4*j = -24. What is the units digit of x?
8
Let t(p) = p**2 - 9*p - 22. What is the units digit of t(-15)?
8
Let g(s) = -s**3 - 6*s**2 + 7*s + 1. Let f be g(-7). Suppose -f = -2*n + 23. What is the tens digit of n?
1
Let b(m) be the third derivative of -m**4/24 - m**3/3 + 2*m**2. Let w(h) = -h**2 + 5*h - 1. Let k be w(6). What is the units digit of b(k)?
5
Suppose 0 = -3*o + m + 8, 5*o + 0*m - 8 = 3*m. Suppose o*x = 5*h - 63, 3 = x - 0. What is the tens digit of h?
1
Suppose 4*h - 99 - 17 = 0. What is the units digit of h?
9
Let x be -1 + (-2 - -4) + -3. What is the units digit of ((-4)/(-12))/(x/(-54))?
9
Let a(r) = -3*r - 2 + 4*r + 0*r. What is the units digit of a(6)?
4
Suppose -2*o + 7 = 1. Suppose o*z = 4*z - 12. What is the tens digit of z?
1
Let d = 74 + -61. What is the tens digit of d?
1
Let t = 8 - 8. What is the units digit of (-31)/(-1*(t + 1))?
1
Suppose 4*w = 2*p + 156, -5*p - 16 + 120 = 3*w. What is the tens digit of w?
3
Suppose -44 = -4*x - k, -5*k + 22 = 2*x - k. What is the tens digit of x?
1
What is the units digit of (1 - 5)/(6/(-69))?
6
Let q be 60/14 - (-4)/(-14). Suppose -240 = -3*i - 0. Suppose -3*o - 65 = -5*f - q*o, 4*o = -5*f + i. What is the tens digit of f?
1
Suppose 5*n - 5 - 22 = -s, 5*s - 25 = -3*n. What is the units digit of (-22)/3*(-3)/s?
1
Let m(t) = t**2 - 8*t + 11. Let h be m(11). Let g = h + -19. What is the units digit of g?
5
Let o = 8 - 15. Let f = -5 - o. Let d = f + 5. What is the units digit of d?
7
Suppose 7*n + 23 = 6*n. Let s = n - -44. What is the units digit of s?
1
Let h(m) = -m**2 - 9*m + 6. Let j be h(-9). Suppose 3*u = u - 4*y - j, 2*u + 5*y = -8. What is the units digit of (-5)/u*54/(-15)?
8
Let b(w) = 40*w**3 - 2*w**2 + 1. Let t be b(1). Suppose 2*d + v - t = 0, d + 0*v - 15 = -2*v. What is the units digit of d?
1
Let k = 6 + -3. Suppose -n + 5 - k = 0. What is the units digit of n?
2
Suppose -3*f + 230 = 2*f. What is the tens digit of f?
4
Let g(x) = -25*x**2 - 5*x - 4. Let q be g(-4). What is the units digit of q/(-30) - 2/(-10)?
3
Let v(n) = -n**3 + n + 8. Let k be v(0). Let a be -1 + 22 - (-8 - -5). Let u = a - k. What is the tens digit of u?
1
Let a(w) = 2*w**2 - w + 5 - 3 - w**2. What is the tens digit of a(4)?
1
Let x(a) = 27*a**2 + 7*a - 6. What is the tens digit of x(1)?
2
Suppose l = -l - 3*s - 2, 0 = 3*l + 4*s + 1. Suppose -4*t = l*f - 194, 5*t = 2*f - 6*f + 157. What is the units digit of f?
8
Let a(p) be the third derivative of -p**6/120 + p**3/6 + 3*p**2. Let g be a(-1). Suppose g*c = 6 - 2. What is the units digit of c?
2
Let j(c) = -c**3 - 8*c**2 + 8*c - 5. Let m be j(-9). Suppose m*g + 4 - 28 = 0. What is the units digit of g?
6
Let j be (-6)/8 - (-63)/(-12). Let c(v) = v**2 + 5*v. What is the units digit of c(j)?
6
Let y(q) = q**3 + 4*q**2 - 7*q - 5. Let b = 2 - -2. Let x be 2/3*(-30)/b. What is the units digit of y(x)?
5
Suppose 1 = 3*c - 2. What is the units digit of (-9)/3 + 12*c?
9
Suppose 3*c + 10 = p, 3*c = -2*c + 3*p - 10. Suppose -1 = -2*l - 7. Let b = l - c. What is the units digit of b?
2
Let d(t) = t + 3. Let g be d(-7). Let c(w) = 2*w**3 + 2*w**3 - 2*w + 1 + 4*w**2 - 3*w**3. What is the units digit of c(g)?
9
Let f(i) = -i**2 + 7*i + 1. Let c be f(7). What is the units digit of 14 + c + (-3 - 0)?
2
Let g = 1 + -8. Let f = 9 + g. What is the units digit of f?
2
Suppose -11*j = -5*j - 336. What is the units digit of j?
6
Suppose -2*p + 14 = -44. What is the units digit of p?
9
Let b = -13 - -24. Let q = 13 - b. What is the units digit of q?
2
Let m(z) = -z**2 + z + 7. Let k be m(0). Suppose a - k = 2. What is the units digit of a?
9
Let t be 350/(-15)*(-48)/10. Suppose -j + 5*j - t = 0. What is the units digit of j?
8
What is the tens digit of (-4)/(162/(-32) - -5)?
6
Let y = 165 - 71. What is the units digit of y?
4
Let q(y) be the first derivative of 0*y**2 + 0*y + 10/3*y**3 + 2. What is the tens digit of q(1)?
1
Let i = 42 + 7. What is the tens digit of i?
4
Suppose 2*n + 5*v - 59 = 0, 5*v + 148 = 5*n + 18. What is the tens digit of n?
2
Suppose -5*t + 5*f - 80 = 0, 0*f + 18 = -3*t - 3*f. Suppose 0*a = 10*a + 80. Let y = a - t. What is the units digit of y?
3
Let n = 71 + -145. Let p = n - -110. Suppose 5*k + 2 = 3*a - 25, -4*k - p = -4*a. What is the units digit of a?
9
Let l = 11 + -9. Suppose -l*h + 3*j = -61, -h - j + 2*j + 29 = 0. What is the tens digit of h?
2
What is the units digit of (-68)/(-4) - (0 + 1)?
6
Suppose 2*t = t - 8. Let q be 4 + -1 + t/(-4). Suppose 5*i = -q*d + 4 + 26, 5*d - 2*i = -5. What is the units digit of d?
1
Suppose -m + 0*m - 5 = 0. Let w be (8/(-5))/(1/m). Let k = 11 - w. What is the units digit of k?
3
Let z(o) = -o**3 + 4*o**2 + 7*o - 6. Let x be z(5). What is the units digit of x/(-10)*50/(-2)?
0
Suppose t - 5 = -1. Let d = 30 + t. What is the units digit of d?
4
Let b = 16 + -16. Let n(m) = -m**3 + 5*m**2 + 8*m - 7. Let c be n(6). Suppose b = -c*l - 0*l + 35. What is the units digit of l?
7
Let s = -15 - -43. What is the tens digit of s?
2
Suppose -c - 5*j = -4*j - 40, -4*c + 5*j + 196 = 0. What is the units digit of c?
4
Suppose 5*u + 3*v = 4*u + 10, -u + 2*v - 10 = 0. Let w = 1 + u. What is the units digit of (-12)/(w + -2 + 2)?
2
Let l(s) = -2*s**3 - 4*s**2 + s + 4. Let p be l(-3). Let m = 1 + p. Suppose 0 = 5*q - 0*q - 25, -5*i - 2*q + m = 0. What is the units digit of i?
2
Suppose 7*j - 2*j = 10. Let h be (-21)/7 - j/(-1). Let p = h - -11. What is the tens digit of p?
1
Suppose 2*q + 4 = -8. Let z(n) be the second derivative of -n**3/6 - 5*n**2/2 - n. What is the units digit of z(q)?
1
Let m be ((-104)/3 - 2)*-3. Suppose 4*b = -b + m. Let v = b + -14. What is the units digit of v?
8
Let t = -1 + 3. What is the units digit of t?
2
Let c = 7 + -11. Let r(v) = -v**3 + 6*v**2 + 2*v - 2. Let y be r(6). Let h = c + y. What is the units digit of h?
6
Let w(y) = -y**3 + 2. Let k be w(0). Suppose -k*o + 6 = -2. Suppose 0 = -2*c + 6*c - f - 19, o*c - 5*f - 31 = 0. What is the units digit of c?
4
Suppose 16*a - 81 = 13*a. Suppose 2*r = r + a. What is the tens digit of r?
2
Suppose 36 = 4*p - p. Suppose 2*a - 1 = -u, -5*a + u + 8 = -p. Let o = 8 + a. What is the tens digit of o?
1
Suppose -4*d - 4*j + 144 = d, -3 = -3*j. What is the tens digit of d?
2
Suppose 4*g - 18 = 2. Let b(y) = y**